8)/(-30)?
7
Suppose 20 = -3*y + 7*y. Suppose -111 = -f - y*d - 17, 0 = 4*f + d - 281. What is the units digit of f?
9
Let s = 126 + -219. Suppose 44*f + 755 = 39*f. Let q = s - f. What is the units digit of q?
8
Let c(u) = 15*u + 2. Suppose 3*q + 3*m = 4*m + 12, 4*m = 5*q - 13. Suppose -l = 3*d - d + q, l = 4*d + 13. What is the units digit of c(l)?
7
Let x = -8 - 3. Let l = x + 11. Suppose l*c - 2*c + 32 = 0. What is the tens digit of c?
1
Let a(j) = 2*j - 3. Let w be a(4). Let b be 36/15*5/2. Suppose -5 = -w*d + 5*c, d = b*d + c - 11. What is the units digit of d?
2
Let p(h) = -h**3 - 13*h**2 + 17*h - 29. What is the hundreds digit of p(-15)?
1
Let z = -66 + 66. Let s(r) = -r**3 - r**2 + 115. What is the hundreds digit of s(z)?
1
Suppose 8*z + 168 = 4840. What is the hundreds digit of z?
5
Let u(m) = -5*m. Let i be u(-3). Suppose 2*w - 5*j - 45 = -i, -4 = -w - 3*j. Suppose -w = -2*b + 18. What is the units digit of b?
4
Suppose 387 = 5*y - 1043. Let g = 435 - y. What is the hundreds digit of g?
1
Let o(p) = 149*p + 69. What is the units digit of o(6)?
3
Suppose -16*y = -2*y - 2*y. Suppose y = 8*w + 3*w - 1177. What is the hundreds digit of w?
1
Let i = 31 + -23. Suppose -i*n - 98 = -u - 4*n, 3*n + 12 = 0. What is the units digit of u?
2
Suppose f + 3*f - 4 = 0. Let w be f/(-2)*(1 - 7). Suppose -w*s + 21 = 4*u, 3*s = -2*u + s + 12. What is the units digit of u?
3
Suppose -14*n = -9*n - 3400. Suppose 5*l - l = n. What is the hundreds digit of l?
1
Let g = -34 - -40. Suppose g*u + 4*u - 500 = 0. What is the units digit of u?
0
Suppose 2*q = 3*q + 2*i - 185, 5*q - 911 = 4*i. What is the units digit of q?
3
Suppose -4*v + 5*s = -1429, -5*v = -6*v - s + 364. What is the units digit of v?
1
Let z = 162 + -173. Let v(p) = 2*p**2 + 7*p - 38. What is the tens digit of v(z)?
2
Let o(u) = 88*u**2 + u. Let i be o(1). Suppose 73 = 2*x - i. What is the tens digit of x?
8
Suppose -930 = -4*n - 2*w, 0 = -13*n + 8*n - 2*w + 1163. What is the units digit of n?
3
Let v(i) = 3*i + 2. Let r be v(1). Suppose -k = -3*j - 26 + 138, r*j + 2*k - 183 = 0. What is the units digit of j?
7
Suppose 5*s - 582 = 2668. What is the hundreds digit of s?
6
What is the units digit of (-8 + 15 + -9)*67/(-2)?
7
What is the hundreds digit of 9318/12 + 0 - (-2)/4?
7
What is the hundreds digit of (7 - 0)*(-25070)/(-70)?
5
Suppose -4*s = 4*o - 8 - 4, -3*s + 16 = -4*o. Suppose s*u = 9*u - 150. Suppose 10 = -q + u. What is the tens digit of q?
2
Let s(z) = -z**2 - 7*z - 5. Let t be s(-6). Let n(d) = 2*d**2 - 3*d**2 - 3*d**2 - t + 6*d + 3*d**2. What is the units digit of n(4)?
7
Let w(c) = -c**3 + 16*c**2 - 15*c + 5. Let h be w(15). Suppose -f + 5*r - 3*r + 49 = 0, -f - h*r + 42 = 0. What is the units digit of f?
7
Suppose 798 = 3*h - 960. Suppose 0*f - 2*n - 598 = -4*f, -2*n + h = 4*f. What is the tens digit of f?
4
Suppose -21 - 5 = -3*b - 4*l, -4*b = -2*l + 2. Let i(v) be the third derivative of v**6/60 + v**5/30 - v**4/12 + 190*v**2. What is the tens digit of i(b)?
2
Let f be 74/(-10) + 8/20. Let l = 10 + f. Suppose 115 = 5*i - l*h, 3*h + 42 = 2*i + h. What is the units digit of i?
6
Let v be ((-328)/(-12))/((-8)/(-12)). Let l = 84 - v. What is the tens digit of l?
4
Let v(s) = 42*s + 221. What is the tens digit of v(7)?
1
Let r(d) = d**2 - 16*d - 13. Let h be r(14). Let b = h + 81. What is the tens digit of b?
4
Suppose 4*a + 36 = d - 11, -3 = 3*d. Let v(u) = -1 + 7 - 2*u + 1. What is the units digit of v(a)?
1
Suppose 32*p - 10*p - 7458 = 0. What is the tens digit of p?
3
Let x = 440 + 2704. What is the units digit of x?
4
Suppose -5*b + 1 = 11. Let h be 4*1*(b + 4). What is the units digit of h/2 - (5 - 8)?
7
Let t = 3566 + -1367. What is the thousands digit of t?
2
Suppose 9*h - 3515 - 5206 = 0. What is the hundreds digit of h?
9
Suppose 3*a - 23 = 2*v, -3*v - 36 = -5*a - 0*a. Let q(c) = -c**2 - 9*c + 16. What is the units digit of q(v)?
0
Let t(s) = -s**3 - 12*s**2 - 2*s + 4. Suppose 0 = 13*y - 9*y + 48. What is the units digit of t(y)?
8
Suppose -2 = -2*t, 0 = k + 6*t - 5*t - 5. Suppose -5*m - 442 = -k*f + f, 2*f - 324 = -4*m. What is the units digit of f?
4
Let m(l) = 18*l**2 - 9*l + 12. What is the tens digit of m(9)?
8
What is the tens digit of (2561/26 - -8)*4/6?
7
Suppose 2*i - 962 = -4*d, 3*d - 9 = 3. What is the units digit of i?
3
Suppose 14*o = 4*o + 3310. What is the units digit of o?
1
Let s = 49 - 29. Let c be s/5 + 1 + -1. Suppose c*u = u + 66. What is the units digit of u?
2
Suppose 0 = h - 4*h - b - 3, -h - 9 = 3*b. Suppose -2*i - c + 276 = h, -4*i = -i - c - 424. What is the tens digit of i?
4
Let u(a) = -11*a + 1. Let r be u(-1). Suppose 2*j - 12 = -2*j - 3*i, -4*j = -2*i - r. Suppose w = j*w - 16. What is the units digit of w?
8
Let d be (-2037)/63*(1 - 4). Suppose -11*g = -2781 + d. What is the units digit of g?
4
What is the tens digit of (2619/6)/(7/42)?
1
Let s(z) be the second derivative of z**4/6 + z**3/6 + 12*z. Let t be s(-2). Suppose -u + t*u = 210. What is the tens digit of u?
4
Let o(p) = p**2 - 7*p + 8. Let z be o(6). Suppose 0 = -z*y - w + 44 + 54, 3*w - 196 = -4*y. What is the units digit of y?
9
Let s(o) be the third derivative of -o**6/120 + o**5/60 - 5*o**4/24 - o**3/3 + 3*o**2. Let u be s(4). What is the tens digit of (1624/u)/(4/(-10))?
5
Suppose 0 = 15*v - 18*v + 1524. What is the units digit of v?
8
Let q = 27 - 28. What is the units digit of ((-4)/(-12))/(q/(-36))?
2
What is the units digit of (-3 + (-65)/(-39))/(1/(-156))?
8
Suppose -80 = -a - 3*a. Let p = a + -3. Let k = 60 - p. What is the units digit of k?
3
Let o(c) = c**2 + 3*c - 174. What is the tens digit of o(17)?
6
Let m(y) = -17*y**2 + 3*y + 9. Let v(t) = -9*t**2 + 2*t + 5. Let c(u) = -4*m(u) + 7*v(u). Let x be c(1). Suppose -2*r - 96 = -x*r. What is the tens digit of r?
2
Suppose 3*j + 784 - 274 = 0. Let b = 238 + j. What is the tens digit of b?
6
What is the units digit of (75/3)/(12/84)?
5
Let y = 55 - -57. Suppose y + 139 = 4*t - g, -g = 3*t - 183. What is the tens digit of t?
6
Suppose -4*t = 3*z - 4 - 2, -z = 2*t - 4. Let j(o) = o + 2. Let w be j(t). Suppose l - 2*l + w*v = 5, -5*l + 115 = 3*v. What is the units digit of l?
0
Let w = 191 - 115. What is the units digit of w?
6
Let r = -368 - -751. What is the tens digit of r?
8
Let i(m) = 440*m. Let d be i(1). Let v = d + -197. What is the units digit of v?
3
Let d(y) = 6*y**2 - 10*y - 15. Let i(l) = -l**2 + l. Let r(g) = d(g) + 3*i(g). What is the tens digit of r(7)?
8
What is the tens digit of (-3*(-74)/(-4))/((-4)/24)?
3
Let f(j) = -j**3 - 15*j**2 - 8*j + 1. What is the hundreds digit of f(-15)?
1
Let v(n) = -n**3 + 13*n**2 - 13*n + 26. Let y be v(6). Let h(b) = b + 1. Let u be h(4). Suppose g - 2 = f + 46, -u*g - 3*f + y = 0. What is the tens digit of g?
4
Let k(v) = -2*v**3 - 21*v**2 + 5*v - 7. Let x(u) = -u - 8. Let r be x(3). Let j be k(r). What is the tens digit of 2/2 - (-8 - j)?
6
Let h(w) = 3*w**2 + 10*w + 30. Let s be -7*(30/35 + 0/(-2)). What is the units digit of h(s)?
8
Let r be 4 - (-4)/((-16)/(-4)). Suppose 0*m + d = -r*m - 47, -3*m - 24 = 2*d. What is the units digit of 8/(-6)*555/m?
4
Let t(u) = 2*u**2 - 8*u + 20. Let s be t(8). Let c = s - -4. What is the units digit of c?
8
Suppose 14*m - 7*m = 126. Let u = m - -8. What is the units digit of u?
6
Let i = -3491 - -6206. What is the units digit of i?
5
Suppose -2*v + 0*d = -4*d + 280, -2*v + 5*d = 275. Let y = 418 + v. What is the tens digit of y?
6
What is the thousands digit of 489*((-29)/(-3) + -2)?
3
Let a = -572 + 992. What is the hundreds digit of a?
4
Suppose 0 = -9*x + 37*x - 59584. What is the units digit of x?
8
Suppose 4 = -5*g - m + 8, m = g - 2. Suppose -189 = -2*p - g. What is the tens digit of p?
9
Let l(v) = 32*v**3 - 2*v**2 - v - 1. Let o be l(2). Suppose -5*z + c + o = 0, -z = -0*c - 3*c - 63. What is the units digit of 2/(-5) + z/20?
2
Suppose 5*l - 2625 = 26*z - 25*z, 2625 = 5*l + z. What is the units digit of l?
5
Let m(t) = 3*t**3 + 3*t - 2. Let y be m(1). Suppose y*q = 4*s - 1144, 2*s + 0*q - 566 = 5*q. What is the tens digit of s?
8
Suppose 3*m = -5*d - 6621 + 25113, d = 0. What is the thousands digit of m?
6
Let o be 2 - 5/((-3)/3). Suppose 5*y + 10 = r, 5*r - o*r = y - 9. Suppose 0 = r*c - 233 + 43. What is the tens digit of